{"id":623369,"date":"2024-09-08T14:49:29","date_gmt":"2024-09-08T14:49:29","guid":{"rendered":"https:\/\/bocamspain.com\/property\/lujoso-apartamento-a-estrenar-en-venta-en-malasana-madrid\/"},"modified":"2024-10-10T14:18:00","modified_gmt":"2024-10-10T14:18:00","slug":"lujoso-apartamento-a-estrenar-en-venta-en-malasana-madrid","status":"publish","type":"properties","link":"https:\/\/bocamspain.com\/es\/property\/lujoso-apartamento-a-estrenar-en-venta-en-malasana-madrid\/","title":{"rendered":"Lujoso Apartamento a estrenar en venta en Malasa\u00f1a, Madrid"},"content":{"rendered":"\n<h2 class=\"wp-block-heading\">Confort moderno y dise\u00f1o elegante<\/h2>\n\n<p>Experimenta la vida de lujo en este apartamento a estrenar, meticulosamente rehabilitado, situado en el coraz\u00f3n de Malasa\u00f1a, Madrid. Con 131 metros cuadrados, este apartamento exterior combina la elegancia moderna con un dise\u00f1o funcional, ofreciendo un espacio de vida sofisticado en uno de los barrios m\u00e1s vibrantes de Madrid. <\/p>\n\n<h3 class=\"wp-block-heading\">Caracter\u00edsticas de la propiedad<\/h3>\n\n<ul class=\"wp-block-list\">\n<li><strong>Hall de entrada:<\/strong> El apartamento cuenta con un vest\u00edbulo de madera bellamente forrado con un armario empotrado, que proporciona tanto estilo como practicidad.<\/li>\n\n\n\n<li><strong>Cocina:<\/strong> La cocina est\u00e1 equipada con electrodom\u00e9sticos nuevos e integrados, como frigor\u00edfico, horno y lavavajillas. Tambi\u00e9n incluye una c\u00f3moda zona de despensa y espacio de almacenamiento, lo que mejora tanto la funcionalidad como la est\u00e9tica. <\/li>\n\n\n\n<li><strong>Sal\u00f3n y comedor: <\/strong>El amplio sal\u00f3n cuenta con balcones que dan a la calle, ofreciendo mucha luz natural y una conexi\u00f3n con el vibrante barrio. El comedor cuenta con muebles de madera a medida integrados en las paredes, maximizando el espacio y proporcionando almacenamiento adicional. <\/li>\n\n\n\n<li><strong>Dormitorio principal:<\/strong> El dormitorio principal incluye armarios empotrados, un cabecero de madera y un cuarto de ba\u00f1o en suite con ducha, lavabos dobles y grifer\u00eda de cobre laminado de alta calidad para darle un toque de lujo.<\/li>\n\n\n\n<li><strong>Dormitorio adicional: <\/strong>Otro dormitorio bien equipado con armarios empotrados y cabecero de madera. Tiene acceso a un ba\u00f1o completo, tambi\u00e9n con accesorios de cobre laminado. <\/li>\n\n\n\n<li><strong>Cuartos de ba\u00f1o:<\/strong> Ambos cuartos de ba\u00f1o est\u00e1n equipados con toalleros el\u00e9ctricos y suelos de baldosas de porcelana de primera calidad, que combinan la funcionalidad moderna con un dise\u00f1o elegante.<\/li>\n<\/ul>\n\n<h3 class=\"wp-block-heading\">Comodidades modernas<\/h3>\n\n<ul class=\"wp-block-list\">\n<li><strong>Aire acondicionado:<\/strong> El apartamento incluye un sistema de aire acondicionado con conductos de aire caliente y fr\u00edo, lo que garantiza el confort durante todo el a\u00f1o.<\/li>\n\n\n\n<li><strong>Iluminaci\u00f3n y dise\u00f1o:<\/strong> Disfruta de la iluminaci\u00f3n indirecta con tiras de LED en los artesonados del techo y las hornacinas de madera del pasillo, los dormitorios y los cabeceros, que realzan el ambiente sofisticado del apartamento.<\/li>\n\n\n\n<li><strong>Apagado general:<\/strong> En la entrada del apartamento hay un c\u00f3modo sistema de apagado general para mayor seguridad y eficiencia.<\/li>\n<\/ul>\n\n<h3 class=\"wp-block-heading\">Edificio y ubicaci\u00f3n<\/h3>\n\n<ul class=\"wp-block-list\">\n<li><strong>Edificio: <\/strong>Este apartamento est\u00e1 situado en un edificio cl\u00e1sico antiguo que ha sido rehabilitado para combinar el encanto hist\u00f3rico con el lujo moderno. Tenga en cuenta que el edificio no dispone de ascensor. <\/li>\n\n\n\n<li><strong>Ubicaci\u00f3n:<\/strong> Situado en el vibrante barrio de Malasa\u00f1a, el apartamento est\u00e1 bien comunicado y cerca de la Gran V\u00eda. La zona es conocida por su rica oferta cultural, gastron\u00f3mica y de ocio. <\/li>\n\n\n\n<li><strong>Gastos de comunidad:<\/strong> Los gastos comunitarios mensuales ascienden a 79 euros.<\/li>\n<\/ul>\n\n<h2 class=\"wp-block-heading\">\u00a1No te lo pierdas!<\/h2>\n\n<p>Este lujoso apartamento ofrece una mezcla \u00fanica de dise\u00f1o moderno y encanto cl\u00e1sico en una de las zonas m\u00e1s cotizadas de Madrid. \u00a1No pierda la oportunidad de hacer de esta exquisita propiedad su nuevo hogar! <\/p>\n","protected":false},"excerpt":{"rendered":"Confort moderno y dise\u00f1o elegante Experimenta la vida de lujo...","protected":false},"author":4,"featured_media":619621,"template":"","es_locations":[],"es_categories":[],"es_types":[807],"es_rent_periods":[],"es_labels":[],"es_statuses":[],"es_parkings":[],"es_roofs":[],"es_exterior_materials":[],"es_basements":[],"es_floor_coverings":[],"es_features":[815],"es_amenities":[],"es_neighborhoods":[],"es_tags":[],"class_list":["post-623369","properties","type-properties","status-publish","has-post-thumbnail","hentry","es_type-apartment-es","es_feature-air-conditioning-es","es-post-entity"],"acf":[],"aioseo_notices":[],"_links":{"self":[{"href":"https:\/\/bocamspain.com\/es\/wp-json\/wp\/v2\/properties\/623369","targetHints":{"allow":["GET"]}}],"collection":[{"href":"https:\/\/bocamspain.com\/es\/wp-json\/wp\/v2\/properties"}],"about":[{"href":"https:\/\/bocamspain.com\/es\/wp-json\/wp\/v2\/types\/properties"}],"author":[{"embeddable":true,"href":"https:\/\/bocamspain.com\/es\/wp-json\/wp\/v2\/users\/4"}],"version-history":[{"count":1,"href":"https:\/\/bocamspain.com\/es\/wp-json\/wp\/v2\/properties\/623369\/revisions"}],"predecessor-version":[{"id":623370,"href":"https:\/\/bocamspain.com\/es\/wp-json\/wp\/v2\/properties\/623369\/revisions\/623370"}],"wp:featuredmedia":[{"embeddable":true,"href":"https:\/\/bocamspain.com\/es\/wp-json\/wp\/v2\/media\/619621"}],"wp:attachment":[{"href":"https:\/\/bocamspain.com\/es\/wp-json\/wp\/v2\/media?parent=623369"}],"wp:term":[{"taxonomy":"es_location","embeddable":true,"href":"https:\/\/bocamspain.com\/es\/wp-json\/wp\/v2\/es_locations?post=623369"},{"taxonomy":"es_category","embeddable":true,"href":"https:\/\/bocamspain.com\/es\/wp-json\/wp\/v2\/es_categories?post=623369"},{"taxonomy":"es_type","embeddable":true,"href":"https:\/\/bocamspain.com\/es\/wp-json\/wp\/v2\/es_types?post=623369"},{"taxonomy":"es_rent_period","embeddable":true,"href":"https:\/\/bocamspain.com\/es\/wp-json\/wp\/v2\/es_rent_periods?post=623369"},{"taxonomy":"es_label","embeddable":true,"href":"https:\/\/bocamspain.com\/es\/wp-json\/wp\/v2\/es_labels?post=623369"},{"taxonomy":"es_status","embeddable":true,"href":"https:\/\/bocamspain.com\/es\/wp-json\/wp\/v2\/es_statuses?post=623369"},{"taxonomy":"es_parking","embeddable":true,"href":"https:\/\/bocamspain.com\/es\/wp-json\/wp\/v2\/es_parkings?post=623369"},{"taxonomy":"es_roof","embeddable":true,"href":"https:\/\/bocamspain.com\/es\/wp-json\/wp\/v2\/es_roofs?post=623369"},{"taxonomy":"es_exterior_material","embeddable":true,"href":"https:\/\/bocamspain.com\/es\/wp-json\/wp\/v2\/es_exterior_materials?post=623369"},{"taxonomy":"es_basement","embeddable":true,"href":"https:\/\/bocamspain.com\/es\/wp-json\/wp\/v2\/es_basements?post=623369"},{"taxonomy":"es_floor_covering","embeddable":true,"href":"https:\/\/bocamspain.com\/es\/wp-json\/wp\/v2\/es_floor_coverings?post=623369"},{"taxonomy":"es_feature","embeddable":true,"href":"https:\/\/bocamspain.com\/es\/wp-json\/wp\/v2\/es_features?post=623369"},{"taxonomy":"es_amenity","embeddable":true,"href":"https:\/\/bocamspain.com\/es\/wp-json\/wp\/v2\/es_amenities?post=623369"},{"taxonomy":"es_neighborhood","embeddable":true,"href":"https:\/\/bocamspain.com\/es\/wp-json\/wp\/v2\/es_neighborhoods?post=623369"},{"taxonomy":"es_tag","embeddable":true,"href":"https:\/\/bocamspain.com\/es\/wp-json\/wp\/v2\/es_tags?post=623369"}],"curies":[{"name":"wp","href":"https:\/\/api.w.org\/{rel}","templated":true}]}}

Lujoso Apartamento a estrenar en venta en Malasaña, Madrid

<h2 class="wp-block-heading">Confort moderno y diseño elegante</h2>

<p>Experimenta la vida de lujo en este apartamento a estrenar, meticulosamente rehabilitado, situado en el corazón de Malasaña, Madrid. Con 131 metros cuadrados, este apartamento exterior combina la elegancia moderna con un diseño funcional, ofreciendo un espacio de vida sofisticado en uno de los barrios más vibrantes de Madrid. </p>

<h3 class="wp-block-heading">Características de la propiedad</h3>

<ul class="wp-block-list">
<li><strong>Hall de entrada:</strong> El apartamento cuenta con un vestíbulo de madera bellamente forrado con un armario empotrado, que proporciona tanto estilo como practicidad.</li>



<li><strong>Cocina:</strong> La cocina está equipada con electrodomésticos nuevos e integrados, como frigorífico, horno y lavavajillas. También incluye una cómoda zona de despensa y espacio de almacenamiento, lo que mejora tanto la funcionalidad como la estética. </li>



<li><strong>Salón y comedor: </strong>El amplio salón cuenta con balcones que dan a la calle, ofreciendo mucha luz natural y una conexión con el vibrante barrio. El comedor cuenta con muebles de madera a medida integrados en las paredes, maximizando el espacio y proporcionando almacenamiento adicional. </li>



<li><strong>Dormitorio principal:</strong> El dormitorio principal incluye armarios empotrados, un cabecero de madera y un cuarto de baño en suite con ducha, lavabos dobles y grifería de cobre laminado de alta calidad para darle un toque de lujo.</li>



<li><strong>Dormitorio adicional: </strong>Otro dormitorio bien equipado con armarios empotrados y cabecero de madera. Tiene acceso a un baño completo, también con accesorios de cobre laminado. </li>



<li><strong>Cuartos de baño:</strong> Ambos cuartos de baño están equipados con toalleros eléctricos y suelos de baldosas de porcelana de primera calidad, que combinan la funcionalidad moderna con un diseño elegante.</li>
</ul>

<h3 class="wp-block-heading">Comodidades modernas</h3>

<ul class="wp-block-list">
<li><strong>Aire acondicionado:</strong> El apartamento incluye un sistema de aire acondicionado con conductos de aire caliente y frío, lo que garantiza el confort durante todo el año.</li>



<li><strong>Iluminación y diseño:</strong> Disfruta de la iluminación indirecta con tiras de LED en los artesonados del techo y las hornacinas de madera del pasillo, los dormitorios y los cabeceros, que realzan el ambiente sofisticado del apartamento.</li>



<li><strong>Apagado general:</strong> En la entrada del apartamento hay un cómodo sistema de apagado general para mayor seguridad y eficiencia.</li>
</ul>

<h3 class="wp-block-heading">Edificio y ubicación</h3>

<ul class="wp-block-list">
<li><strong>Edificio: </strong>Este apartamento está situado en un edificio clásico antiguo que ha sido rehabilitado para combinar el encanto histórico con el lujo moderno. Tenga en cuenta que el edificio no dispone de ascensor. </li>



<li><strong>Ubicación:</strong> Situado en el vibrante barrio de Malasaña, el apartamento está bien comunicado y cerca de la Gran Vía. La zona es conocida por su rica oferta cultural, gastronómica y de ocio. </li>



<li><strong>Gastos de comunidad:</strong> Los gastos comunitarios mensuales ascienden a 79 euros.</li>
</ul>

<h2 class="wp-block-heading">¡No te lo pierdas!</h2>

<p>Este lujoso apartamento ofrece una mezcla única de diseño moderno y encanto clásico en una de las zonas más cotizadas de Madrid. ¡No pierda la oportunidad de hacer de esta exquisita propiedad su nuevo hogar! </p>

Confort moderno y diseño elegante Experimenta la vida de lujo...
